(8).
-24
Let y(h) = -76*h - 6551. Calculate y(-86).
-15
Let h(f) = f**3 + 11*f**2 + 106*f + 1430. Give h(-12).
14
Let i(t) = -2*t + 46. What is i(27)?
-8
Let z(n) = -289*n + 4007. Give z(14).
-39
Let g(i) = -4*i**2 - 877*i + 1558. Calculate g(-221).
11
Let f(i) = 34*i**2 + 937*i + 937. What is f(-1)?
34
Let u(r) = -2*r**2 - 3*r + 638. What is u(17)?
9
Let o(j) = j**3 - 20*j**2 - 43*j + 3. Determine o(-2).
1
Let y(g) = -2*g**3 - 63*g**2 - 275*g - 19. What is y(-5)?
31
Let n(j) = -j**2 + 76*j - 151. What is n(74)?
-3
Let l(g) = -20391*g - 81572. Determine l(-4).
-8
Let v(t) = 10*t**2 + 357*t + 219. Determine v(-35).
-26
Let x(y) = y**3 + 6*y**2 + 19*y + 19. Give x(-10).
-571
Let n(j) = 985*j - 9855. Calculate n(10).
-5
Let x(b) = -b**2 + 166*b + 4969. What is x(-26)?
-23
Let u(f) = -36*f + 32. Calculate u(6).
-184
Let m(g) = -4*g**2 + 42*g - 69. Give m(8).
11
Let m(k) = -k**3 - 53*k**2 - 101*k + 80. What is m(-51)?
29
Let j(p) = p**2 + 412*p + 6327. Determine j(-16).
-9
Let n(l) = -l**3 - 159*l**2 - 776*l - 1016. What is n(-154)?
-92
Let p(d) = -d**3 + 52*d**2 - 277*d - 100. Determine p(46).
-146
Let j(n) = -17*n + 102. Determine j(13).
-119
Let u(l) = -10*l**2 - 77*l + 7. Give u(-8).
-17
Let r(u) = 211*u - 2305. Give r(11).
16
Let l(o) = -88*o + 771. Give l(8).
67
Let b(r) = 561*r - 25240. Determine b(45).
5
Let h(a) = 3*a**3 + 7*a**2 - 18*a - 2. Calculate h(3).
88
Let d(w) = 8*w**2 - 103*w + 203. Give d(2).
29
Let h(q) = q**3 - 12*q**2 - 26*q - 34. Calculate h(14).
-6
Let u(l) = l**3 + 14*l**2 - 8*l + 33. Calculate u(-15).
-72
Let m(d) = d**3 + 25*d**2 + 52*d - 67. Determine m(-23).
-205
Let b(f) = 329*f - 3288. Calculate b(10).
2
Let x(y) = 5393*y + 102471. Give x(-19).
4
Let s(z) = z**2 - 222*z - 2279. Give s(-10).
41
Let n(i) = i**2 + 35*i + 255. Determine n(-16).
-49
Let k(a) = 7*a**2 + 332*a - 201. Determine k(-48).
-9
Let k(v) = 14*v**2 - 1190*v + 7. Calculate k(85).
7
Let x(y) = y**2 - 110*y - 948. Give x(-8).
-4
Let a(n) = -92*n + 2215. Determine a(24).
7
Let m(t) = -34*t + 1017. Determine m(26).
133
Let a(z) = -26*z - 103. Give a(3).
-181
Let g(w) = w**3 + 36*w**2 + w + 2935. What is g(-38)?
9
Let o(t) = 2*t**3 - 3*t**2 + 13*t - 30. What is o(2)?
0
Let d(t) = -t**3 + 4*t**2 - 7*t - 6. Give d(8).
-318
Let m(p) = -5*p - 169. Calculate m(-37).
16
Let u(r) = 141*r - 3520. Calculate u(25).
5
Let v(z) = -z**3 - 44*z**2 + 40*z + 3. Give v(1).
-2
Let f(z) = -z**3 + 63*z**2 - 724*z + 25. Determine f(15).
-35
Let s(g) = -11*g**3 - 16*g**2 - 17*g - 2. Determine s(-3).
202
Let x(s) = 562*s - 1700. What is x(3)?
-14
Let k(b) = 2*b**2 - 6*b + 43. What is k(-11)?
351
Let k(v) = v**3 - 5*v**2 + 52*v - 195. Determine k(4).
-3
Let v(i) = -66*i**2 - 58*i - 73. Determine v(-2).
-221
Let k(r) = 81*r - 731. What is k(9)?
-2
Let a(n) = -11*n - 429. What is a(-38)?
-11
Let b(v) = 7*v**2 + 191*v - 136. Determine b(-28).
4
Let x(k) = -k**3 + 13*k**2 + 29*k + 100. Calculate x(15).
85
Let h(o) = -123*o + 1964. Give h(16).
-4
Let q(f) = 2*f**2 - 233*f - 363. What is q(118)?
-9
Let h(r) = 519*r + 1046. What is h(-2)?
8
Let l(k) = -30*k**2 - 215*k - 2. What is l(-5)?
323
Let z(w) = -w**2 - 7*w + 68. Calculate z(5).
8
Let k(i) = -5039*i - 45343. What is k(-9)?
8
Let b(r) = 13*r**2 - 109*r + 135. Give b(7).
9
Let k(w) = w**3 - 19*w + 49. What is k(3)?
19
Let w(u) = 727*u + 9697. What is w(-13)?
246
Let f(w) = -18*w**3 + 14*w**2 + 17*w + 5. Determine f(-1).
20
Let t(m) = -4*m**3 + 90*m**2 - 60*m + 401. Determine t(22).
49
Let l(f) = f**3 + 9*f**2 - 17*f + 9. What is l(-10)?
79
Let d(h) = -3*h**3 - 13*h**2 + h + 40. Determine d(-4).
20
Let f(m) = -721*m - 13693. Give f(-19).
6
Let y(x) = 15*x + 693. Give y(-48).
-27
Let q(v) = -6*v**2 - 352*v - 195. Give q(-58).
37
Let g(k) = -414*k - 12008. Calculate g(-29).
-2
Let q(m) = 9*m**2 + 122*m - 18. What is q(-13)?
-83
Let d(a) = 9*a + 184. Calculate d(-8).
112
Let h(j) = 42*j**2 - 161*j - 318. What is h(-2)?
172
Let d(p) = -1030*p + 6672. Calculate d(6).
492
Let n(t) = -t**3 + 16*t**2 - 103*t + 317. Give n(8).
5
Let b(f) = -5*f**2 - 119*f - 636. Determine b(-6).
-102
Let k(v) = -22*v**2 - 82*v - 82. Give k(-1).
-22
Let g(m) = -5358*m + 16067. Calculate g(3).
-7
Let p(k) = -k**3 - 13*k**2 + 32*k - 123. Determine p(-16).
133
Let m(q) = -321*q - 651. What is m(-2)?
-9
Let v(s) = 1076*s + 6472. What is v(-6)?
16
Let a(h) = h**2 + 165*h - 13480. Calculate a(60).
20
Let p(t) = 67*t + 139. What is p(-6)?
-263
Let t(r) = -2073*r - 39378. Determine t(-19).
9
Let m(v) = 3*v**2 - 304*v + 2325. Determine m(93).
0
Let a(h) = 158*h**2 - 1265*h + 17. Calculate a(8).
9
Let c(y) = -y**2 - 11*y + 245. Determine c(11).
3
Let h(c) = -2*c**3 + 66*c**2 + 4*c - 130. Give h(33).
2
Let r(j) = -52*j + 237. What is r(6)?
-75
Let x(s) = s**3 + 81*s**2 + 383*s - 3. What is x(-5)?
-18
Let c(n) = n**2 + 11*n - 245. What is c(10)?
-35
Let u(a) = -4*a**3 - 12*a**2 - 6*a + 6. Give u(-2).
2
Let b(c) = 2*c**2 + 127*c + 1663. What is b(-45)?
-2
Let d(h) = 5785*h - 5790. Calculate d(1).
-5
Let j(d) = -6*d**2 + 138*d + 99. What is j(24)?
-45
Let t(m) = -m**3 + 9*m**2 - 5*m - 1. Give t(9).
-46
Let i(w) = -w**3 + 30*w**2 - 24*w - 169. Calculate i(29).
-24
Let s(a) = 243*a + 944. Calculate s(-4).
-28
Let b(d) = 2*d**3 + 11*d**2 + d - 1. What is b(-1)?
7
Let g(u) = 2*u**2 - 54*u - 1146. Calculate g(-15).
114
Let j(z) = z + 75. Give j(25).
100
Let v(y) = -2*y**2 + 127*y - 80. Calculate v(63).
-17
Let w(x) = -13*x**2 - 160*x - 19. Calculate w(-12).
29
Let j(y) = -y**3 + 59*y**2 - 760*y + 41. Calculate j(19).
41
Let q(d) = -245*d - 1230. Determine q(-5).
-5
Let q(x) = 8*x**2 - 1004*x - 510. Calculate q(126).
-6
Let q(u) = 2*u**2 - 167*u + 1959. Calculate q(14).
13
Let d(v) = -111*v + 10. What is d(0)?
10
Let r(w) = -w**2 + 486*w - 9303. Determine r(20).
17
Let n(v) = v**2 - 17*v + 82. What is n(13)?
30
Let c(s) = 2*s**2 + 182*s - 6. Calculate c(0).
-6
Let h(t) = t**3 - 86*t**2 + 327*t + 36. What is h(82)?
-46
Let t(v) = -11*v + 397. What is t(31)?
56
Let v(y) = 117*y - 128. Calculate v(1).
-11
Let a(t) = -t**3 - 8*t**2 + 148*t + 961. What is a(-6)?
1
Let s(m) = -26*m - 83. Calculate s(-15).
307
Let i(x) = x**3 - 7*x**2 + 5*x + 6. Give i(5).
-19
Let a(j) = 2225*j**2 + 62299*j - 24. What is a(-28)?
4
Let d(j) = -159*j**2 + 9*j + 1. Give d(1).
-149
Let h(d) = 48*d**2 + 59*d - 185. Determine h(3).
424
Let u(q) = -169*q - 4952. Give u(-29).
-51
Let x(q) = -16*q**2 - 927*q + 115. Determine x(-58).
57
Let z(b) = 31*b**3 - 3*b**2 + 6*b - 8. Calculate z(2).
240
Let b(k) = 2*k**3 + 26*k**2 + 118*k + 1115. What is b(-12)?
-13
Let h(q) = 30*q**3 + 6*q**2 - 3*q - 2. Calculate h(1).
31
Let g(w) = 4*w**2 - 243*w + 2147. Calculate g(50).
-3
Let k(p) = -p**2 - 32*p + 130. Determine k(-33).
97
Let n(p) = p**2 + 130*p + 973. Determine n(-8).
-3
Let k(x) = -5*x**2 - 42*x + 219. Determine k(-12).
3
Let z(d) = -2*d**3 + 127*d**2 - 64*d + 46. Give z(63).
-17
Let s(k) = 2*k**2 + 163*k + 87. Calculate s(-81).
6
Let d(i) = -2*i**3 - 46*i**2 - 57*i - 5. What is d(-21)?
-572
Let n(l) = -31*l + 367. What is n(8)?
119
Let t(h) = h**2 - 17*h - 75. Determine t(-11).
233
Let d(m) = -m**2 + 63*m - 883. Give d(42).
-1
Let h(d) = 5*d**3 + 1153*d**2 - 1627*d - 687. Calculate h(-232).
9
Let p(m) = 5*m**2 + 185*m + 303. Give p(-37).
303
Let z(n) = -n**2 + 55*n + 592. What is z(64)?
16
Let b(l) = l**3 - 80*l**2 - l + 87. Determine b(80).
7
Let l(c) = 10*c**3 + 3*c**2 - c + 6. Determine l(2).
96
Let t(q) = -q**3 - 235*q**2 - 690*q + 1376. Give t(-232).
-16
Let n(x) = 26*x - 3688. Give n(141).
-22
Let f(l) = 6*l**3 - 2*l**2 + 55*l + 112. Give f(-2).
-54
Let g(k) = -k**2 - 609*k + 6821. Calculate g(11).
1
Let t(o) = 435*o + 31750. Calculate t(-73).
-5
Let d(p) = p**3 - 49*p**2 + 369*p - 20944. Give d(50).
6
Let o(j) = 9*j**3 - 13*j**2 + 2*j + 14. Calculate o(-1).
-10
Let x(t) = 7*t**2 - 39*t + 21. Calculate x(11).
439
Let y(o) = -8*o**2 + 8*o + 18. Give y(-2).
-30
Let j(p) = -p**3 - 146*p**2 + 23*p - 18228. Determine j(-147).
0
Let i(t) = -137*t**2 - 960*t + 4. Calculate i(-7).
11
Let k(d) = 10*d**2 + 77*d - 16. Give k(-4).
-164
Let d(j) = j**3 + 14*j**2 + 15*j + 49. Determine d(-14).
-161
Let o(h) = h**3 - 16*h**2 - 74*h + 687. Give o(18).
3
Let b(p) = -2*p**2 + 77*p + 100. Calculate b(40).
-20
Let u(k) =